{"id":515,"date":"2019-11-15T15:18:10","date_gmt":"2019-11-15T14:18:10","guid":{"rendered":"https:\/\/www.seibold-ingenieure.de\/?page_id=515"},"modified":"2020-10-27T14:39:30","modified_gmt":"2020-10-27T13:39:30","slug":"unternehmen","status":"publish","type":"page","link":"https:\/\/www.seibold-ingenieure.de\/index.php\/unternehmen\/","title":{"rendered":"Unternehmen"},"content":{"rendered":"<div id=\"pl-515\"  class=\"panel-layout\" ><div id=\"pg-515-0\"  class=\"panel-grid panel-has-style\" ><div data-overlay-opactity=\"1\" class=\"panel-row-style panel-row-style-for-515-0\" ><div id=\"pgc-515-0-0\"  class=\"panel-grid-cell\" ><div id=\"panel-515-0-0-0\" class=\"so-panel widget widget_themegrill_flash_image tg-widget tg-image-widget panel-first-child panel-last-child\" data-index=\"0\" ><div class=\"tg-image-block\">\r\n\t\t\t<img decoding=\"async\" src=\"https:\/\/www.seibold-ingenieure.de\/wp-content\/uploads\/standort_schwabach.jpg\" alt=\"\" \/>\r\n\t\t<\/div>\r\n<\/div><\/div><div id=\"pgc-515-0-1\"  class=\"panel-grid-cell\" ><div id=\"panel-515-0-1-0\" class=\"so-panel widget widget_themegrill_flash_heading tg-widget section-title-wrapper panel-first-child\" data-index=\"1\" >\t<div class=\"heading heading-left divider-without-icon heading-divider\">\r\n\t<h3 class=\"section-title\">Unternehmen<\/h3>\r\n<\/div>\r\n<\/div><div id=\"panel-515-0-1-1\" class=\"so-panel widget widget_text panel-last-child\" data-index=\"2\" >\t\t\t<div class=\"textwidget\"><p>Ingenieurb\u00fcro f\u00fcr technische Geb\u00e4udeausr\u00fcstung, nachhaltige Energiekonzepte und Smart Grid!<\/p>\n<p>Unsere Aufgabe sehen wir darin, Kommunen, kommunale Energieversorger (z.B. Stadtwerke), aber auch Industriebetriebe und Privatinverstoren, bei Fragen rund um die technische Geb\u00e4udeausr\u00fcstung und zur Energiewende zu unterst\u00fctzen. Wir entwickeln gemeinsam mit Ihnen Konzepte unter der Ma\u00dfgabe von Wirtschaftlichkeit, Effizienz, Nachhaltigkeit und Investitionssicherheit.<\/p>\n<p>Profitieren Sie von \u00fcber 20 Jahren Erfahrung in Projekten rund um die technische Geb\u00e4udeausr\u00fcstung.<\/p>\n<\/div>\n\t\t<\/div><\/div><\/div><\/div><div id=\"pg-515-1\"  class=\"panel-grid panel-has-style\" ><div data-overlay-opactity=\"1\" class=\"panel-row-style panel-row-style-for-515-1\" ><div id=\"pgc-515-1-0\"  class=\"panel-grid-cell panel-grid-cell-empty\" ><\/div><\/div><\/div><div id=\"pg-515-2\"  class=\"panel-grid panel-no-style\" ><div id=\"pgc-515-2-0\"  class=\"panel-grid-cell\" ><div id=\"panel-515-2-0-0\" class=\"so-panel widget widget_themegrill_flash_heading tg-widget section-title-wrapper panel-first-child panel-last-child\" data-index=\"3\" >\t<div class=\"heading heading-center divider-without-icon heading-divider\">\r\n\t<h3 class=\"section-title\">Wer wir sind<\/h3>\r\n<\/div>\r\n<\/div><\/div><\/div><div id=\"pg-515-3\"  class=\"panel-grid panel-has-style\" ><div data-overlay-opactity=\"1\" class=\"panel-row-style panel-row-style-for-515-3\" ><div id=\"pgc-515-3-0\"  class=\"panel-grid-cell\" ><div id=\"panel-515-3-0-0\" class=\"so-panel widget widget_themegrill_flash_service tg-widget tg-single-service panel-first-child panel-last-child\" data-index=\"4\" ><div class=\"tg-service-widget tg-service-layout-1\">\r\n\t<div class=\"service-wrapper\">\r\n\t\t\t\t\t\t\t\t\t\t\t\t<figure class=\"service-image-wrap\">\r\n\t\t\t\t\t\t\t\t\t\t\t<a href=\"https:\/\/www.seibold-ingenieure.de\/index.php\/unternehmen\/ueber-uns\/\" >\r\n\t\t\t\t\t\t\t\t\t\t\t<img loading=\"lazy\" decoding=\"async\" src=\"https:\/\/www.seibold-ingenieure.de\/wp-content\/uploads\/istockphoto-1136354448-2048x2048-1.jpg\" alt=\"\u00dcber uns\" width=\"2048\" height=\"1365\" \/>\r\n\t\t\t\t\t\t\t\t\t\t\t<\/a>\r\n\t\t\t\t\t\t\t\t\t<\/figure>\r\n\t\t\t\t\t\t\t\t\t\t\t\t\t\t\t<h3 class=\"service-title-wrap\">\r\n\t\t\t\t\t\t\t\t\t\t<a href=\"https:\/\/www.seibold-ingenieure.de\/index.php\/unternehmen\/ueber-uns\/\">\r\n\t\t\t\t\t\t\u00dcber uns\t\t\t\t\t\t\t\t\t\t\t<\/a>\r\n\t\t\t\t\t\t\t\t<\/h3>\r\n\t\t\t\t\t\t\t\t\t\t<div class=\"service-content-wrap\">Informieren Sie sich \u00fcber Seibold Ingenieure GmbH<\/div>\r\n\t\t\t\t\t\t\t\t\t\t<a class=\"service-more\" href=\"https:\/\/www.seibold-ingenieure.de\/index.php\/unternehmen\/ueber-uns\/\">Wir unterst\u00fctzen Sie<\/a>\r\n\t\t\t\t\t\t\t<\/div>\r\n<\/div>\r\n<\/div><\/div><div id=\"pgc-515-3-1\"  class=\"panel-grid-cell\" ><div id=\"panel-515-3-1-0\" class=\"so-panel widget widget_themegrill_flash_service tg-widget tg-single-service panel-first-child panel-last-child\" data-index=\"5\" ><div class=\"tg-service-widget tg-service-layout-1\">\r\n\t<div class=\"service-wrapper\">\r\n\t\t\t\t\t\t\t\t\t\t\t\t<figure class=\"service-image-wrap\">\r\n\t\t\t\t\t\t\t\t\t\t\t<a href=\"https:\/\/www.seibold-ingenieure.de\/index.php\/unternehmen\/jobs\/\" >\r\n\t\t\t\t\t\t\t\t\t\t\t<img loading=\"lazy\" decoding=\"async\" src=\"https:\/\/www.seibold-ingenieure.de\/wp-content\/uploads\/Jobs_kl.jpg\" alt=\"Jobs\" width=\"275\" height=\"185\" \/>\r\n\t\t\t\t\t\t\t\t\t\t\t<\/a>\r\n\t\t\t\t\t\t\t\t\t<\/figure>\r\n\t\t\t\t\t\t\t\t\t\t\t\t\t\t\t<h3 class=\"service-title-wrap\">\r\n\t\t\t\t\t\t\t\t\t\t<a href=\"https:\/\/www.seibold-ingenieure.de\/index.php\/unternehmen\/jobs\/\">\r\n\t\t\t\t\t\tJobs\t\t\t\t\t\t\t\t\t\t\t<\/a>\r\n\t\t\t\t\t\t\t\t<\/h3>\r\n\t\t\t\t\t\t\t\t\t\t<div class=\"service-content-wrap\">Hier geht es zu den aktuellen Jobangeboten.<\/div>\r\n\t\t\t\t\t\t\t\t\t\t<a class=\"service-more\" href=\"https:\/\/www.seibold-ingenieure.de\/index.php\/unternehmen\/jobs\/\">Mehr erfahren<\/a>\r\n\t\t\t\t\t\t\t<\/div>\r\n<\/div>\r\n<\/div><\/div><div id=\"pgc-515-3-2\"  class=\"panel-grid-cell\" ><div id=\"panel-515-3-2-0\" class=\"so-panel widget widget_themegrill_flash_service tg-widget tg-single-service panel-first-child panel-last-child\" data-index=\"6\" ><div class=\"tg-service-widget tg-service-layout-1\">\r\n\t<div class=\"service-wrapper\">\r\n\t\t\t\t\t\t\t\t\t\t\t\t<figure class=\"service-image-wrap\">\r\n\t\t\t\t\t\t\t\t\t\t\t<a href=\"https:\/\/www.seibold-ingenieure.de\/index.php\/unternehmen\/standort\/\" >\r\n\t\t\t\t\t\t\t\t\t\t\t<img loading=\"lazy\" decoding=\"async\" src=\"https:\/\/www.seibold-ingenieure.de\/wp-content\/uploads\/standort_schwabach_kl.jpg\" alt=\"Standort\" width=\"277\" height=\"186\" \/>\r\n\t\t\t\t\t\t\t\t\t\t\t<\/a>\r\n\t\t\t\t\t\t\t\t\t<\/figure>\r\n\t\t\t\t\t\t\t\t\t\t\t\t\t\t\t<h3 class=\"service-title-wrap\">\r\n\t\t\t\t\t\t\t\t\t\t<a href=\"https:\/\/www.seibold-ingenieure.de\/index.php\/unternehmen\/standort\/\">\r\n\t\t\t\t\t\tStandort\t\t\t\t\t\t\t\t\t\t\t<\/a>\r\n\t\t\t\t\t\t\t\t<\/h3>\r\n\t\t\t\t\t\t\t\t\t\t<div class=\"service-content-wrap\">So finden Sie zu uns - im Herzen Mittelfrankens<\/div>\r\n\t\t\t\t\t\t\t\t\t\t<a class=\"service-more\" href=\"https:\/\/www.seibold-ingenieure.de\/index.php\/unternehmen\/standort\/\">zum Standort<\/a>\r\n\t\t\t\t\t\t\t<\/div>\r\n<\/div>\r\n<\/div><\/div><div id=\"pgc-515-3-3\"  class=\"panel-grid-cell\" ><div id=\"panel-515-3-3-0\" class=\"so-panel widget widget_themegrill_flash_service tg-widget tg-single-service panel-first-child panel-last-child\" data-index=\"7\" ><div class=\"tg-service-widget tg-service-layout-1\">\r\n\t<div class=\"service-wrapper\">\r\n\t\t\t\t\t\t\t\t\t\t\t\t<figure class=\"service-image-wrap\">\r\n\t\t\t\t\t\t\t\t\t\t\t<a href=\"https:\/\/www.seibold-ingenieure.de\/index.php\/kontakt\/\" >\r\n\t\t\t\t\t\t\t\t\t\t\t<img loading=\"lazy\" decoding=\"async\" src=\"https:\/\/www.seibold-ingenieure.de\/wp-content\/uploads\/kontakt.jpg\" alt=\"Kontakt\" width=\"278\" height=\"186\" \/>\r\n\t\t\t\t\t\t\t\t\t\t\t<\/a>\r\n\t\t\t\t\t\t\t\t\t<\/figure>\r\n\t\t\t\t\t\t\t\t\t\t\t\t\t\t\t<h3 class=\"service-title-wrap\">\r\n\t\t\t\t\t\t\t\t\t\t<a href=\"https:\/\/www.seibold-ingenieure.de\/index.php\/kontakt\/\">\r\n\t\t\t\t\t\tKontakt\t\t\t\t\t\t\t\t\t\t\t<\/a>\r\n\t\t\t\t\t\t\t\t<\/h3>\r\n\t\t\t\t\t\t\t\t\t\t<div class=\"service-content-wrap\">Interesse geweckt? Nehmen Sie Kontakt mit uns auf.<\/div>\r\n\t\t\t\t\t\t\t\t\t\t<a class=\"service-more\" href=\"https:\/\/www.seibold-ingenieure.de\/index.php\/kontakt\/\">Sprechen Sie uns an<\/a>\r\n\t\t\t\t\t\t\t<\/div>\r\n<\/div>\r\n<\/div><\/div><\/div><\/div><\/div>","protected":false},"excerpt":{"rendered":"<p>Ingenieurb\u00fcro f\u00fcr technische Geb\u00e4udeausr\u00fcstung, nachhaltige Energiekonzepte und Smart Grid! Unsere Aufgabe sehen wir darin, Kommunen, kommunale Energieversorger (z.B. Stadtwerke), aber [&hellip;]<\/p>\n","protected":false},"author":1,"featured_media":0,"parent":0,"menu_order":0,"comment_status":"closed","ping_status":"closed","template":"page-templates\/pagebuilder.php","meta":{"footnotes":""},"class_list":["post-515","page","type-page","status-publish","hentry"],"_links":{"self":[{"href":"https:\/\/www.seibold-ingenieure.de\/index.php\/wp-json\/wp\/v2\/pages\/515","targetHints":{"allow":["GET"]}}],"collection":[{"href":"https:\/\/www.seibold-ingenieure.de\/index.php\/wp-json\/wp\/v2\/pages"}],"about":[{"href":"https:\/\/www.seibold-ingenieure.de\/index.php\/wp-json\/wp\/v2\/types\/page"}],"author":[{"embeddable":true,"href":"https:\/\/www.seibold-ingenieure.de\/index.php\/wp-json\/wp\/v2\/users\/1"}],"replies":[{"embeddable":true,"href":"https:\/\/www.seibold-ingenieure.de\/index.php\/wp-json\/wp\/v2\/comments?post=515"}],"version-history":[{"count":19,"href":"https:\/\/www.seibold-ingenieure.de\/index.php\/wp-json\/wp\/v2\/pages\/515\/revisions"}],"predecessor-version":[{"id":1216,"href":"https:\/\/www.seibold-ingenieure.de\/index.php\/wp-json\/wp\/v2\/pages\/515\/revisions\/1216"}],"wp:attachment":[{"href":"https:\/\/www.seibold-ingenieure.de\/index.php\/wp-json\/wp\/v2\/media?parent=515"}],"curies":[{"name":"wp","href":"https:\/\/api.w.org\/{rel}","templated":true}]}}