{"id":521,"date":"2019-11-15T15:18:52","date_gmt":"2019-11-15T14:18:52","guid":{"rendered":"https:\/\/www.seibold-ingenieure.de\/?page_id=521"},"modified":"2021-04-27T14:15:19","modified_gmt":"2021-04-27T12:15:19","slug":"jobs","status":"publish","type":"page","link":"https:\/\/www.seibold-ingenieure.de\/index.php\/unternehmen\/jobs\/","title":{"rendered":"Jobs"},"content":{"rendered":"<div id=\"pl-521\"  class=\"panel-layout\" ><div id=\"pg-521-0\"  class=\"panel-grid panel-has-style\" ><div data-overlay-opactity=\"1\" class=\"panel-row-style panel-row-style-for-521-0\" ><div id=\"pgc-521-0-0\"  class=\"panel-grid-cell\" ><div id=\"panel-521-0-0-0\" class=\"so-panel widget widget_themegrill_flash_image tg-widget tg-image-widget panel-first-child panel-last-child\" data-index=\"0\" ><div class=\"panel-widget-style panel-widget-style-for-521-0-0-0\" ><div class=\"tg-image-block\">\r\n\t\t\t<img decoding=\"async\" src=\"https:\/\/www.seibold-ingenieure.de\/wp-content\/uploads\/iss_4159_02926_gruen.png\" alt=\"\" \/>\r\n\t\t<\/div>\r\n<\/div><\/div><\/div><div id=\"pgc-521-0-1\"  class=\"panel-grid-cell\" ><div id=\"panel-521-0-1-0\" class=\"so-panel widget widget_themegrill_flash_heading tg-widget section-title-wrapper panel-first-child\" data-index=\"1\" >\t<div class=\"heading heading-left divider-without-icon heading-divider\">\r\n\t<h3 class=\"section-title\">Jobangebote<\/h3>\r\n<\/div>\r\n<\/div><div id=\"panel-521-0-1-1\" class=\"so-panel widget widget_text panel-last-child\" data-index=\"2\" >\t\t\t<div class=\"textwidget\"><p><strong>Elektroplaner (m\/w\/d) oder Bauleiter (m\/w\/d) gesucht<\/strong><\/p>\n<p>zur Verst\u00e4rkung unseres Teams suchen wir ab sofort einen Elektromeister (m\/w\/d), Elektrotechniker (m\/w\/d) oder Ingenieur (m\/w\/d) der Elektrotechnik.<\/p>\n<p>Wenn Sie sich vorstellen k\u00f6nnen in einem innovativen Team und angenehmer Atmosph\u00e4re zu arbeiten, \u00fcber Erfahrung in der Planung und oder Bauleitung im Wohnungs-, Gewerbe- oder Anlagenbau verf\u00fcgen dann senden Sie bitte ihre Bewerbungsunterlagen inkl. Gehaltsvorstellungen und m\u00f6glichem Eintrittstermin an <strong><a href=\"mailto:bewerbung@seibold-ing.de\">bewerbung@seibold-ing.de<\/a><\/strong> oder nutzen Sie unser <a href=\"https:\/\/www.seibold-ingenieure.de\/index.php\/bewerbungsformular\/\">Bewerbungsformular<\/a>.<\/p>\n<p><strong>Werkstudenten<\/strong><\/p>\n<p>Wir bieten interessierten Studenten aus den Bereichen Elektrotechnik und Versorgungstechnik die M\u00f6glichkeit von Praktika und Studienbegleitenden Arbeiten.<\/p>\n<p>Bitte kontaktieren Sie uns dazu unter <strong><a href=\"mailto:bewerbung@seibold-ing.de\">bewerbung@seibold-ing.de<\/a><\/strong> oder nutzen Sie unser <a href=\"https:\/\/www.seibold-ingenieure.de\/index.php\/bewerbungsformular\/\">Bewerbungsformular<\/a>.<strong><br \/>\n<\/strong><\/p>\n<\/div>\n\t\t<\/div><\/div><\/div><\/div><div id=\"pg-521-1\"  class=\"panel-grid panel-has-style\" ><div class=\"siteorigin-panels-stretch panel-row-style panel-row-style-for-521-1\" data-stretch-type=\"full\" data-overlay-opactity=\"1\" ><div id=\"pgc-521-1-0\"  class=\"panel-grid-cell\" ><div id=\"panel-521-1-0-0\" class=\"so-panel widget widget_themegrill_flash_cta tg-widget call-to-action-section panel-first-child panel-last-child\" data-index=\"3\" ><div class=\"panel-widget-style panel-widget-style-for-521-1-0-0\" ><div class=\"cta-wrapper  center\">\r\n\t<div class=\"section-title-wrapper\">\r\n\t\t\t\t\t<h3 class=\"section-title\">Interesse geweckt?<\/h3>\r\n\t\t\t\t<\/div>\r\n\t\t\t<div class=\"btn-wrapper\">\r\n\t\t\t\t\t\t\t<a class=\"btn\" href=\"https:\/\/www.seibold-ingenieure.de\/index.php\/kontakt\/\" >Kontakt aufnehmen<\/a>\r\n\t\t\t\t\t\t\t\t<\/div>\r\n\t<\/div>\r\n<\/div><\/div><\/div><\/div><\/div><\/div>","protected":false},"excerpt":{"rendered":"<p>Elektroplaner (m\/w\/d) oder Bauleiter (m\/w\/d) gesucht zur Verst\u00e4rkung unseres Teams suchen wir ab sofort einen Elektromeister (m\/w\/d), Elektrotechniker (m\/w\/d) oder [&hellip;]<\/p>\n","protected":false},"author":1,"featured_media":0,"parent":515,"menu_order":0,"comment_status":"closed","ping_status":"closed","template":"page-templates\/pagebuilder.php","meta":{"footnotes":""},"class_list":["post-521","page","type-page","status-publish","hentry"],"_links":{"self":[{"href":"https:\/\/www.seibold-ingenieure.de\/index.php\/wp-json\/wp\/v2\/pages\/521","targetHints":{"allow":["GET"]}}],"collection":[{"href":"https:\/\/www.seibold-ingenieure.de\/index.php\/wp-json\/wp\/v2\/pages"}],"about":[{"href":"https:\/\/www.seibold-ingenieure.de\/index.php\/wp-json\/wp\/v2\/types\/page"}],"author":[{"embeddable":true,"href":"https:\/\/www.seibold-ingenieure.de\/index.php\/wp-json\/wp\/v2\/users\/1"}],"replies":[{"embeddable":true,"href":"https:\/\/www.seibold-ingenieure.de\/index.php\/wp-json\/wp\/v2\/comments?post=521"}],"version-history":[{"count":31,"href":"https:\/\/www.seibold-ingenieure.de\/index.php\/wp-json\/wp\/v2\/pages\/521\/revisions"}],"predecessor-version":[{"id":1264,"href":"https:\/\/www.seibold-ingenieure.de\/index.php\/wp-json\/wp\/v2\/pages\/521\/revisions\/1264"}],"up":[{"embeddable":true,"href":"https:\/\/www.seibold-ingenieure.de\/index.php\/wp-json\/wp\/v2\/pages\/515"}],"wp:attachment":[{"href":"https:\/\/www.seibold-ingenieure.de\/index.php\/wp-json\/wp\/v2\/media?parent=521"}],"curies":[{"name":"wp","href":"https:\/\/api.w.org\/{rel}","templated":true}]}}