{"id":537,"date":"2019-11-15T15:21:23","date_gmt":"2019-11-15T14:21:23","guid":{"rendered":"https:\/\/www.seibold-ingenieure.de\/?page_id=537"},"modified":"2020-01-16T15:28:05","modified_gmt":"2020-01-16T14:28:05","slug":"projektentwicklung","status":"publish","type":"page","link":"https:\/\/www.seibold-ingenieure.de\/index.php\/leistungen\/projektentwicklung\/","title":{"rendered":"Projektentwicklung"},"content":{"rendered":"<div id=\"pl-537\"  class=\"panel-layout\" ><div id=\"pg-537-0\"  class=\"panel-grid panel-has-style\" ><div data-overlay-opactity=\"1\" class=\"panel-row-style panel-row-style-for-537-0\" ><div id=\"pgc-537-0-0\"  class=\"panel-grid-cell\" ><div id=\"panel-537-0-0-0\" class=\"so-panel widget widget_themegrill_flash_image tg-widget tg-image-widget panel-first-child panel-last-child\" data-index=\"0\" ><div class=\"panel-widget-style panel-widget-style-for-537-0-0-0\" ><div class=\"tg-image-block\">\r\n\t\t\t<img decoding=\"async\" src=\"https:\/\/www.seibold-ingenieure.de\/wp-content\/uploads\/Beratung_Projektmanagement_500px.jpg\" alt=\"\" \/>\r\n\t\t<\/div>\r\n<\/div><\/div><\/div><div id=\"pgc-537-0-1\"  class=\"panel-grid-cell\" ><div id=\"panel-537-0-1-0\" class=\"so-panel widget widget_themegrill_flash_heading tg-widget section-title-wrapper panel-first-child\" data-index=\"1\" >\t<div class=\"heading heading-left divider-without-icon heading-divider\">\r\n\t<h3 class=\"section-title\">Projektentwicklung<\/h3>\r\n<\/div>\r\n<\/div><div id=\"panel-537-0-1-1\" class=\"so-panel widget widget_text\" data-index=\"2\" >\t\t\t<div class=\"textwidget\"><p>Ein funktionierendes Projektmanagement ist der Schl\u00fcssel zur erfolgreichen Umsetzung einer Idee. Dabei liegt der Fokus auf der \u00dcberwachung von Terminen, Kosten und Qualit\u00e4t. Wenn Sie w\u00fcnschen, \u00fcbernehmen wir f\u00fcr Sie die komplette Projektsteuerung w\u00e4hrend der Umsetzungsphase und vertreten Ihre Interessen gegen\u00fcber den Lieferanten.<\/p>\n<p>Wir sind geschult und erfahren in der Anwendung der Methoden des modernen Projektmanagements. Unsere Mitarbeiter haben langj\u00e4hrige Erfahrung im Leiten von nationalen und internationalen Energieversorgungsprojekten.<br \/>\nAls Schwerpunkte des Projektmanagements sehen wir:<\/p>\n<ul>\n<li>Projektorganisation<\/li>\n<li>Schnittstellenkl\u00e4rung und Koordinierung<\/li>\n<li>\u00dcberwachung der Organisations-, Termin- und Finanzplanung<\/li>\n<li>Rechtzeitiges Herbeif\u00fchren von Entscheidungen<\/li>\n<li>zielgerichtetes Qualit\u00e4tsmanagement<\/li>\n<li>Regelm\u00e4\u00dfige Projektstatusberichte<\/li>\n<\/ul>\n<p>Neben dem wirtschaftlichen Erfolg, der Termin- und Qualit\u00e4tstreue geh\u00f6rt auch der partnerschaftliche und faire Umgang mit allen Projektbeteiligten zu unserem Leitbild.<\/p>\n<p>\u00dcberzeugen Sie sich selbst von unserer Kompetenz.<\/p>\n<\/div>\n\t\t<\/div><div id=\"panel-537-0-1-2\" class=\"so-panel widget widget_themegrill_flash_cta tg-widget call-to-action-section panel-last-child\" data-index=\"3\" ><div class=\"panel-widget-style panel-widget-style-for-537-0-1-2\" ><div class=\"cta-wrapper  center\">\r\n\t<div class=\"section-title-wrapper\">\r\n\t\t\t\t\t<h3 class=\"section-title\">Interesse geweckt?<\/h3>\r\n\t\t\t\t<\/div>\r\n\t\t\t<div class=\"btn-wrapper\">\r\n\t\t\t\t\t\t\t<a class=\"btn\" href=\"https:\/\/www.seibold-ingenieure.de\/index.php\/kontakt\/\" target=&quot;_blank&quot;>Kontakt aufnehmen<\/a>\r\n\t\t\t\t\t\t\t\t\t\t<a class=\"btn\" href=\"https:\/\/www.seibold-ingenieure.de\/index.php\/referenzen\/\" target=&quot;_blank&quot;>zu den Referenzen<\/a>\r\n\t\t\t\t\t<\/div>\r\n\t<\/div>\r\n<\/div><\/div><\/div><\/div><\/div><\/div>","protected":false},"excerpt":{"rendered":"<p>Ein funktionierendes Projektmanagement ist der Schl\u00fcssel zur erfolgreichen Umsetzung einer Idee. Dabei liegt der Fokus auf der \u00dcberwachung von Terminen, [&hellip;]<\/p>\n","protected":false},"author":1,"featured_media":0,"parent":573,"menu_order":0,"comment_status":"closed","ping_status":"closed","template":"page-templates\/pagebuilder.php","meta":{"footnotes":""},"class_list":["post-537","page","type-page","status-publish","hentry"],"_links":{"self":[{"href":"https:\/\/www.seibold-ingenieure.de\/index.php\/wp-json\/wp\/v2\/pages\/537","targetHints":{"allow":["GET"]}}],"collection":[{"href":"https:\/\/www.seibold-ingenieure.de\/index.php\/wp-json\/wp\/v2\/pages"}],"about":[{"href":"https:\/\/www.seibold-ingenieure.de\/index.php\/wp-json\/wp\/v2\/types\/page"}],"author":[{"embeddable":true,"href":"https:\/\/www.seibold-ingenieure.de\/index.php\/wp-json\/wp\/v2\/users\/1"}],"replies":[{"embeddable":true,"href":"https:\/\/www.seibold-ingenieure.de\/index.php\/wp-json\/wp\/v2\/comments?post=537"}],"version-history":[{"count":21,"href":"https:\/\/www.seibold-ingenieure.de\/index.php\/wp-json\/wp\/v2\/pages\/537\/revisions"}],"predecessor-version":[{"id":921,"href":"https:\/\/www.seibold-ingenieure.de\/index.php\/wp-json\/wp\/v2\/pages\/537\/revisions\/921"}],"up":[{"embeddable":true,"href":"https:\/\/www.seibold-ingenieure.de\/index.php\/wp-json\/wp\/v2\/pages\/573"}],"wp:attachment":[{"href":"https:\/\/www.seibold-ingenieure.de\/index.php\/wp-json\/wp\/v2\/media?parent=537"}],"curies":[{"name":"wp","href":"https:\/\/api.w.org\/{rel}","templated":true}]}}